ivided by 13.
8
Let w(l) = l**2 + 19*l + 19. Suppose -b - 8 + 2 = 4*i, 0 = -b + 5*i - 33. Let s(g) = g**3 - g**2 - g - 1. What is the remainder when w(b) is divided by s(2)?
0
Let b = -6919 - -6985. What is the remainder when 124 is divided by b?
58
Let k(w) = -15*w - 170. Let s be k(-11). Let g(d) = 13*d**2 - 41*d - 176. What is the remainder when g(s) is divided by 89?
87
Let a(j) = 16*j**2 + 6*j + 5. Let t be a(-2). Let c = -42 + t. Suppose -3*f + 8*f + 18 = 2*w, w - f - 6 = 0. Calculate the remainder when c is divided by w.
3
Let o = 1062 + -939. Let m = 9 + -8. What is the remainder when o is divided by 42/m + (-2 - -2)?
39
Let z = -7754 + 7811. Calculate the remainder when 422 is divided by z.
23
Let q(x) = -x**2 + 36*x - 300. Calculate the remainder when 643 is divided by q(15).
13
Let q(u) be the first derivative of -11*u**2/2 - 93*u - 98. What is the remainder when 103 is divided by q(-11)?
19
Let z(n) = -n + 2. Suppose -200*y + 203*y - 54 = 0. What is the remainder when y is divided by z(-6)?
2
Calculate the remainder when 1165 is divided by 1092/(-130)*20/(-12).
3
Let u = 348 + -378. Calculate the remainder when 89 is divided by 28 + u/18*3.
20
Suppose -9*s - 2 = -7*s. Let u be s/(-4)*(4 - -4). Suppose m - u - 12 = 0. Calculate the remainder when 95 is divided by m.
11
Suppose 2*z - 52 = 258. Suppose z*o = 158*o - 66. Suppose -4*f + 82 = -2*f. Calculate the remainder when f is divided by o.
19
Calculate the remainder when 4/22 - ((-3274)/22 + -4) is divided by 14.
13
Let z = 101 + -47. Let u(m) = m**2 - 24*m - 54. Let q be u(26). What is the remainder when z is divided by q + 24/(-32)*-24?
6
Suppose 0 = -3*s - 4*f + 836, -1403 = -5*s + 3*f - 0*f. Suppose -2*x = 7*h - 4*h - s, h - 687 = -5*x. What is the remainder when x is divided by 3?
2
Let i be 15/9*9 + (-6 - -2). Suppose 2*n = -5*q + 23, 0*n - 2*n + i = q. What is the remainder when q is divided by 3?
0
Suppose -2*l = -25*a + 22*a + 2454, 14724 = 18*a - 3*l. What is the remainder when a is divided by 115?
13
Suppose -m - 4*h = -21 + 12, -4*m = 3*h - 127. Calculate the remainder when 807 is divided by m.
30
Suppose 3*x + 109 = 415. Let p = x - 88. Calculate the remainder when 54 is divided by p.
12
What is the remainder when 522 is divided by (-136)/12*(23 + -29)?
46
Let n = 7037 - 7010. What is the remainder when 420 is divided by n?
15
Suppose -c + 4*n = 8, 5*c + 2*n + n = 6. Suppose -x + 24 = -j - 5, c = -5*j. What is the remainder when x is divided by 1*8/(-2) + 3 - -22?
8
Suppose 121 - 1429 = -12*f. Let x = f - 65. Calculate the remainder when x is divided by 3.
2
Let v(q) = 12*q - 109. Let n be v(9). Let d(k) = -44*k**3 + 2*k**2 + k. Calculate the remainder when d(n) is divided by 24.
21
Suppose 0 = -t + 2*u + 1523, 2*u + 7591 = -2*t + 7*t. Calculate the remainder when t is divided by 379.
1
Suppose -34*d = m - 39*d - 35, 4*m + 3*d - 48 = 0. Let u(o) = 11*o**2 + 3. Calculate the remainder when u(3) is divided by m.
12
Suppose -14 = 4*x - 5*s - 1, 5*x = 2*s + 5. Suppose -x*p - j + 2 = 0, 10 = 5*j - 0*j. What is the remainder when -17*(1 - (p + 2)) is divided by 12?
5
Suppose 2*d - 814 = 4*w - 288, -2*d = -5*w - 530. What is the remainder when d is divided by 43?
40
Let h(p) = 2*p**3 - 3*p**2 + 28*p - 115. Calculate the remainder when 11164 is divided by h(4).
76
Let v(x) = 41*x**2 - 3*x - 2. Let m be v(-2). Let y(g) = -g**2 + 14. Let i be y(3). Suppose -h = i*h - m. Calculate the remainder when h is divided by 16.
12
Let w(p) = 4*p**2 + 64*p - 212. Let x be w(3). Let b be 2/6 + (-22)/(-6). Suppose b*u + 708 = x*u. What is the remainder when u is divided by 22?
15
What is the remainder when (7 - (6 - 177))*(8 + -4) is divided by 29?
16
Let j be (-12)/28 + 6/14. Suppose j = -2*i + 1 + 5. Suppose -6*b + i*b = -63. Calculate the remainder when 39 is divided by b.
18
What is the remainder when (-8586)/(-38) + (-9)/(-171) is divided by 46?
42
Let m = -46157 + 46249. What is the remainder when 448 is divided by m?
80
Let a = -37345 - -39194. What is the remainder when a is divided by 613?
10
Let j = -26 - -36. Let c(z) = z + 5. What is the remainder when (8*-5 + -3)/(-1) is divided by c(j)?
13
Let y = 5021 - 5005. What is the remainder when 63 is divided by y?
15
Let h(g) = 12*g - 4. Let j be h(4). Let c be -36 + -3*(12/9 - 1). Let s = j + c. What is the remainder when 18 is divided by s?
4
Let c = -23344 + 23497. Calculate the remainder when 187 is divided by c.
34
Let f(u) = -2*u**2 - 23*u - 37. Let t be (14/(-8))/((-3)/(-24)) + 5. Suppose -125 + 9 = -4*v. Calculate the remainder when v is divided by f(t).
5
Let r = -128 + 179. Suppose q - 144 = 5*a, 20*q + 5*a = 18*q + 318. Calculate the remainder when q is divided by r.
1
Let d = 167 - 106. Suppose -63 - d = -l. Suppose -l*a + 40 = -119*a. Calculate the remainder when 14 is divided by a.
6
Let r = 2936 + -1303. Calculate the remainder when r is divided by 45.
13
Suppose 21 = 3*m - 45. Let f(s) be the second derivative of -s**4/12 - 19*s**3/6 + 307*s**2/2 + 215*s. Calculate the remainder when m is divided by f(-29).
5
Let o be (-10)/5 + (-1250)/(-3 - -8). Let b = 309 + o. Calculate the remainder when b is divided by 20.
17
Calculate the remainder when (194/(-6))/(8/(-2160)) + 1 + 3 is divided by 5.
4
Suppose 0 = 171*j - 165*j + 36. Calculate the remainder when 7395/34 - 3/j is divided by 6*(4 + -1) - -2.
18
Suppose -52*y + 18277 = -24*y - 14539. Calculate the remainder when y is divided by 585.
2
Let g(u) = 24*u**2 + 40*u - 119. What is the remainder when g(3) is divided by 1 + 21 + 0 + 0?
19
Suppose -373 = -v + 4*u, 1597 = 4*v + u + 4*u. Calculate the remainder when v is divided by 8.
1
Suppose -4*q + 5*q - 2 = 0. Let k = 249 - 237. Suppose -q + k = v. Calculate the remainder when 19 is divided by v.
9
Suppose 0 = 53*i - 8349 + 1671. Calculate the remainder when i is divided by 23.
11
Suppose 777 = 435*c - 339*c - 855. Calculate the remainder when 3784 is divided by c.
10
Suppose -5*n + 3*l = -9890, 3609 = 4*n - 4*l - 4303. Calculate the remainder when n is divided by 11.
9
Let o(m) = m**3 - 2*m**2 - 9*m + 4. Let b be o(4). Suppose -13*n + 8*n + 345 = b. What is the remainder when n is divided by 11 + (3/(-4))/((-1)/4)?
13
Let z(l) be the second derivative of -l**4/12 - 11*l**3/6 - l**2 + 294*l. Suppose 4*q + q + 25 = 0. What is the remainder when z(q) is divided by 4?
0
Suppose -4*k - k = -375. Let l = k + -12. What is the remainder when l is divided by (-26)/(0 + 9 - 11)?
11
Let r(n) = n**3 - 4*n**2 - 6*n - 17. Let f be r(-5). Let x = 222 + f. What is the remainder when 88 is divided by x?
8
Let n = -169 + 219. What is the remainder when 54 is divided by (-2)/(-2) + -16 + n?
19
Let i = 34 - -25. Let b(x) = -x**2 - 21*x - 2. Let c be b(-21). Calculate the remainder when i is divided by ((5/c)/5)/(20/(-640)).
11
Let z = 261 + -261. Suppose -70*o + 75*o - 465 = z. Calculate the remainder when o is divided by 20.
13
Suppose 4*z - d - 4740 = 0, 3*z + 12*d = 2524 + 1184. Calculate the remainder when z is divided by (10/(-4))/(1/(-4)).
8
Let f(d) = 9*d - 16. Let c be f(2). Suppose -77 = -c*g - 5*p, 0 = -5*g - 4*p + 230 - 29. Calculate the remainder when 54 is divided by g.
13
Let g = -543 - -541. Let q(y) = 8*y**2 - 53*y - 107. Calculate the remainder when q(g) is divided by 8.
7
What is the remainder when 1539 is divided by (77*(-12)/336)/((-3)/120)?
109
Let m(i) = -42*i - 16. Let a(u) = -83*u - 36. Let o(v) = 3*a(v) - 5*m(v). Calculate the remainder when o(-6) is divided by 44.
30
Let d(j) = 374*j - 7355. What is the remainder when d(32) is divided by 171?
167
Let l(b) = -726*b + 168. What is the remainder when l(-8) is divided by 61?
59
Calculate the remainder when (-9 + 11606/28)*2 is divided by 74.
71
Suppose -273*h + 1150 = -2399. Let a(w) be the second derivative of w**3/6 + 9*w**2 - w. Calculate the remainder when 59 is divided by a(h).
28
Suppose 4*u = -0*r + 2*r - 22, -8 = -4*r - 4*u. Let b be ((-72)/(-15))/(r/50). Calculate the remainder when 43 is divided by 12/(-10)*(2 - b/4).
7
Suppose -4*c + 5*a + 13 = 0, -4*c + a + a + 10 = 0. What is the remainder when (2 + 27/(-18))*(c + 380) is divided by 39?
35
Let s(i) = -i**2 - 11*i - 7. Suppose -266*g + 21*g = 115*g - 14760. Calculate the remainder when g is divided by s(